at are the prime factors of 5631866?
2, 19, 148207
What are the prime factors of 409068?
2, 3, 11, 1033
List the prime factors of 724450.
2, 5, 14489
What are the prime factors of 7360453?
293, 25121
What are the prime factors of 17680149?
3, 1964461
What are the prime factors of 16709827?
17, 982931
What are the prime factors of 254758?
2, 7, 31, 587
List the prime factors of 2479915.
5, 495983
List the prime factors of 394642.
2, 37, 5333
What are the prime factors of 1116639?
3, 41357
List the prime factors of 5059162.
2, 2529581
List the prime factors of 2859040.
2, 5, 107, 167
What are the prime factors of 400350?
2, 3, 5, 17, 157
List the prime factors of 110797.
101, 1097
What are the prime factors of 4470584?
2, 137, 4079
List the prime factors of 18802963.
18802963
What are the prime factors of 4995847?
211, 23677
List the prime factors of 12095252.
2, 13, 163, 1427
List the prime factors of 1661242.
2, 11, 75511
What are the prime factors of 716471?
7, 19, 5387
What are the prime factors of 12621607?
12621607
List the prime factors of 98837.
98837
List the prime factors of 21258.
2, 3, 1181
What are the prime factors of 25336479?
3, 7, 172357
List the prime factors of 1907815.
5, 7, 13, 599
What are the prime factors of 5345770?
2, 5, 534577
List the prime factors of 233000.
2, 5, 233
List the prime factors of 149116.
2, 11, 3389
What are the prime factors of 6499527?
3, 2166509
What are the prime factors of 347346?
2, 3, 23, 839
What are the prime factors of 2765065?
5, 553013
List the prime factors of 337748.
2, 84437
List the prime factors of 1036548.
2, 3, 28793
List the prime factors of 8597620.
2, 5, 429881
What are the prime factors of 84478?
2, 42239
What are the prime factors of 12123?
3, 449
What are the prime factors of 509804?
2, 233, 547
List the prime factors of 158402.
2, 79201
List the prime factors of 1108987.
11, 181, 557
List the prime factors of 2919684.
2, 3, 467, 521
What are the prime factors of 1333236?
2, 3, 111103
What are the prime factors of 204390?
2, 3, 5, 757
What are the prime factors of 6011692?
2, 1502923
What are the prime factors of 467780?
2, 5, 19, 1231
What are the prime factors of 970062?
2, 3, 107, 1511
What are the prime factors of 14211601?
19, 747979
List the prime factors of 1609699.
7, 13, 19
What are the prime factors of 1476308?
2, 369077
What are the prime factors of 123124?
2, 30781
What are the prime factors of 213077?
41, 5197
What are the prime factors of 531463?
97, 5479
List the prime factors of 13595044.
2, 3398761
What are the prime factors of 2402026?
2, 11, 41, 2663
What are the prime factors of 87791?
11, 23, 347
What are the prime factors of 325509?
3, 108503
What are the prime factors of 820868?
2, 163, 1259
What are the prime factors of 252989?
11, 109, 211
List the prime factors of 5900635.
5, 13, 6983
List the prime factors of 146635.
5, 29327
What are the prime factors of 18710753?
23, 813511
What are the prime factors of 217450?
2, 5, 4349
What are the prime factors of 271073?
11, 19, 1297
What are the prime factors of 1016051?
1016051
List the prime factors of 406458.
2, 3, 13, 193
List the prime factors of 1103282.
2, 131, 4211
List the prime factors of 460778.
2, 230389
What are the prime factors of 179689?
179689
List the prime factors of 325992.
2, 3, 17, 47
What are the prime factors of 1354643?
19, 83, 859
What are the prime factors of 204843?
3, 68281
What are the prime factors of 11053021?
7, 43, 36721
What are the prime factors of 227371?
227371
What are the prime factors of 399599?
43, 9293
What are the prime factors of 2906053?
2906053
List the prime factors of 2858650.
2, 5, 57173
List the prime factors of 568348.
2, 11, 12917
List the prime factors of 270763.
270763
What are the prime factors of 308317?
308317
What are the prime factors of 1539094?
2, 769547
List the prime factors of 32372467.
773, 41879
What are the prime factors of 15126?
2, 3, 2521
What are the prime factors of 5382?
2, 3, 13, 23
List the prime factors of 51268.
2, 7, 1831
What are the prime factors of 5593532?
2, 7, 107, 1867
What are the prime factors of 2617769?
7, 11, 33997
List the prime factors of 361945.
5, 191, 379
List the prime factors of 5035853.
5035853
List the prime factors of 804407.
61, 13187
What are the prime factors of 1177082?
2, 43, 13687
What are the prime factors of 15199110?
2, 3, 5, 41, 1373
What are the prime factors of 5557657?
7, 17, 46703
List the prime factors of 7474133.
241, 31013
What are the prime factors of 13912865?
5, 43, 163, 397
List the prime factors of 11107421.
13, 854417
List the prime factors of 640621.
640621
What are the prime factors of 88076?
2, 97, 227
What are the prime factors of 7379441?
7379441
What are the prime factors of 46673?
11, 4243
List the prime factors of 11298970.
2, 5, 1129897
List the prime factors of 14508093.
3, 31, 73, 2137
List the prime factors of 42701.
42701
List the prime factors of 236615.
5, 37, 1279
What are the prime factors of 7308209?
41, 178249
List the prime factors of 92019.
3, 37, 829
List the prime factors of 23714114.
2, 37, 67, 4783
What are the prime factors of 86900?
2, 5, 11, 79
What are the prime factors of 732788?
2, 7, 26171
What are the prime factors of 9061933?
109, 83137
List the prime factors of 513832.
2, 11, 5839
What are the prime factors of 11267592?
2, 3, 7, 47, 1427
List the prime factors of 2326551.
3, 775517
List the prime factors of 388449.
3, 14387
What are the prime factors of 688408?
2, 7, 19, 647
List the prime factors of 8467206.
2, 3, 11, 128291
List the prime factors of 567849.
3, 29, 61, 107
What are the prime factors of 2493310?
2, 5, 167, 1493
What are the prime factors of 613983?
3, 103, 1987
List the prime factors of 8263766.
2, 7, 590269
List the prime factors of 1380218.
2, 7, 311, 317
List the prime factors of 4979181.
3, 17, 5743
What are the prime factors of 1894731?
3, 631577
List the prime factors of 335164.
2, 83791
What are the prime factors of 1653?
3, 19, 29
What are the prime factors of 4024?
2, 503
What are the prime factors of 928874?
2, 464437
What are the prime factors of 713557?
13, 131, 419
What are the prime factors of 4517147?
4517147
What are the prime factors of 465075?
3, 5, 13, 53
What are the prime factors of 37993618?
2, 13, 1461293
What are the prime factors of 17650760?
2, 5, 17, 101, 257
List the prime factors of 226218.
2, 3, 37, 1019
What are the prime factors of 5783644?
2, 29, 73, 683
List the prime factors of 25764337.
25764337
List the prime factors of 11248280.
2, 5, 281207
List the prime factors of 4779196.
2, 1194799
List the prime factors of 607040.
2, 5, 7, 271
What are the prime factors of 1185772?
2, 7, 42349
List the prime factors of 689060.
2, 5, 131, 263
List the prime factors of 502408.
2, 62801
What are the prime factors of 13776805?
5, 7, 19, 20717
List the prime factors of 2629707.
3, 876569
List the prime factors of 2528198.
2, 137, 9227
List the prime factors of 50950.
2, 5, 1019
What are the prime factors of 1898401?
227, 8363
List the prime factors of 965090.
2, 5, 7, 17, 811
List the prime factors of 536187.
3, 367, 487
List the prime factors of 12874074.
2, 3, 337, 6367
What are the prime factors of 348043?
348043
List the prime factors of 484787.
484787
What are the prime factors of 347825?
5, 13913
List the prime factors of 785624.
2, 7, 14029
List the prime factors of 1258997.
19, 23, 43, 67
What are the prime factors of 670663?
7, 13687
What are the prime factors of 14086512?
2, 3, 11, 8893
What are the prime factors of 26076400?
2, 5, 7, 67, 139
What are the prime factors of 1311685?
5, 262337
What are the prime factors of 1179520?
2, 5, 19, 97
What are the prime factors of 4519874?
2, 2259937
List the prime factors of 129613.
11, 11783
What are the prime factors of 8048356?
2, 199, 10111
List the prime factors of 6050493.
3, 19, 41, 863
List the prime factors of 2522937.
3, 840979
List the prime factors of 38690158.
2, 13, 577, 2579
List the prime factors of 80855.
5, 103, 157
What are the prime factors of 16273013?
16273013
List the prime factors of 269031.
3, 7, 23, 557
What are the prime factors of 731807?
731807
List the prime factors of 13708.
2, 23, 149
What are the prime factors of 555257?
555257
